 32 = 0, -n - 16 = -11. Determine d(v).
-14
Let i(b) = 32*b - 16 - 86*b + 44*b. Let m(f) = 2*f + 3. Let x(v) = -2*i(v) - 11*m(v). Determine x(3).
-7
Let i(s) = -3*s + 125. Let b be i(41). Let k(x) = -3*x**3 + 4*x**2 + 3*x + 6. Let v(w) = -6*w**3 + 9*w**2 + 7*w + 14. Let f(u) = -7*k(u) + 3*v(u). Give f(b).
20
Let i(s) be the third derivative of s**5/60 - s**4/24 - 29*s**3/3 - 2*s**2 - 233. What is i(-7)?
-2
Let g = -786 - -420. Let v = 373 + g. Let o(k) = k - 11. Give o(v).
-4
Let g(x) be the first derivative of -x**2 - 11*x - 10. Let a be g(-13). Let p(o) = 9 + 12*o + 0 - 2*o + 16*o**2 - a*o**2. Calculate p(-9).
0
Let b(u) be the third derivative of -u**6/120 - 11*u**4/12 + u**3/6 + 39*u**2 + u. Let i(z) be the second derivative of b(z). Determine i(1).
-6
Let q(i) = -13*i - 16. Suppose 0 = -9*v + 13 - 31. Determine q(v).
10
Let w(f) = -4*f**2 + 30*f - 150. Let g(b) = -7*b**2 + 59*b - 306. Let p(u) = 3*g(u) - 5*w(u). Determine p(18).
-6
Let a(v) = 23*v - 87. Suppose -81*j + 178*j = 388. Calculate a(j).
5
Let n(v) = v + 2. Let u(c) = -c**3 + 28*c**2 - 131*c - 21. Let k be u(22). Calculate n(k).
3
Let p be -3 + 3*(-28)/(-24). Let i(f) be the second derivative of 0 + p*f**2 + 0*f**3 + 1/12*f**4 - 12*f. Give i(-1).
2
Let m(b) be the third derivative of 0 - 49*b**2 + 0*b + 1/3*b**3 - 1/8*b**4. What is m(3)?
-7
Let y(p) = 491*p + 9814. Let x be y(-20). Let o(t) = -t**2 - 29*t - 141. What is o(x)?
-3
Let s = 9 + -1. Suppose 2 = 10*t - s*t. Let h(g) = 4*g - 3*g + t - 2*g. Determine h(-4).
5
Let k(c) be the second derivative of c**3/6 - 5*c**2/2 - 106*c - 5. Calculate k(11).
6
Suppose 6*n = 4*n + 4. Suppose 0*m + n*m - 4*s = 20, 0 = 5*m - 5*s - 40. Let r(v) = 7 - 24 + v**2 + m*v + 15. Give r(-7).
5
Let p(b) = 23*b**3 + 3*b**2 - 9*b - 10. Let y(d) = 31*d**3 + 5*d**2 - 13*d - 9. Let h(s) = -4*p(s) + 3*y(s). Determine h(-4).
9
Let k = -74 + 77. Suppose -k*n = 1 - 19. Let g be 0 - 0 - (-10 + n + -3). Let s(d) = -d**3 + 6*d**2 + 7*d + 2. What is s(g)?
2
Suppose -k + 13 = 4*l, -16*l + 2*k - 10 + 32 = 0. Let s(f) = -8*f**2 - 7*f - 2. Calculate s(l).
-48
Let r(v) = -5*v**2 + 36*v + 5. Let x(z) = 4*z**2 - 33*z - 10. Let n(h) = -5*r(h) - 6*x(h). Determine n(-18).
35
Let o(h) = -4*h + 16. Suppose 0 = 4*t + 5*k - 36, -4 = -4*t - 287*k + 290*k. What is o(t)?
0
Let y(f) = f**2 + 2*f - 4. Let c be 1 + (-2 - (2 - 38)). Suppose -5*q + 200 - c = 0. Let v = q + -38. Determine y(v).
11
Let t = -609 + 611. Let c(n) = -2 + n**2 + t*n**2 + 3 - 4 - 4*n + 5. What is c(2)?
6
Suppose -152*j = -1231 + 2736 + 3663. Let a(y) = -9*y - 307. What is a(j)?
-1
Let o(n) = -9*n**3 - 36*n**2 + 55*n - 83. Let f(z) = 5*z**3 + 19*z**2 - 29*z + 42. Let y(s) = -11*f(s) - 6*o(s). Give y(6).
6
Suppose -24*f - 15 = 81. Let d(l) be the third derivative of -l**5/30 - l**4/6 - 2*l**3/3 - 15*l**2. Calculate d(f).
-20
Let o be -5*(-16)/20 - 2. Let s = 4 - o. Let j(w) = w**2 + 1. Let a be j(s). Let h(f) = f + 3. What is h(a)?
8
Let v(f) = -2*f**3 - f**2 + f - 1. Suppose 31*s - 48 = 55*s. Determine v(s).
9
Suppose -k = 5*s - 22, -4*s + 3 = 4*k - 21. Let y(v) = -749*v**2 + 747*v**2 - 3*v + 3*v**3 + k*v. Calculate y(-1).
-4
Let y(b) = -2*b - 2*b + 3*b + 1 + 2*b**2 - 9*b**3 + 3*b. Let s = -49 + 51. Suppose 3*m = m - s. Determine y(m).
10
Let u be -3 + 6/3 + 1. Let t be -3*((-4)/3 + u). Let s(o) = -14*o. Let b(c) = c**2 + 35*c + 2. Let p(n) = -b(n) - 3*s(n). Calculate p(t).
10
Let s(r) = -3*r + 60. Let m be s(0). Suppose -2*d - 24 = 5*p - m, -p = 2*d - 20. Let y(c) = -14*c + 1 - c**2 + 9*c - 3 + d. Determine y(-6).
0
Let z(w) = -13*w**2 + 14*w - 26. Let v(q) = 11*q**2 - 15*q + 26. Suppose -32*o + 105 = -11*o. Let g(d) = o*z(d) + 6*v(d). Calculate g(18).
-10
Let d(a) = a - 2. Let t be d(-5). Suppose m - 9*i = -7*i + 1, -i = 2*m - 7. Let n(x) = -x**3 - 3 - 2 + 8 + m - 7*x**2. Give n(t).
6
Suppose 133*o = 80*o. Let g(y) = -y**3 + y + 45. Determine g(o).
45
Let i = -7 + 11. Suppose -5 = 2*h - 9. Let d(o) = 171*o**2 - 346*o**2 - 7*o + 176*o**h. Determine d(i).
-12
Let j = -535 - -532. Let g(k) = 3*k + 27. Give g(j).
18
Let d be 8*(12 - 45/4). Let a(m) be the second derivative of m**5/20 - m**4/2 - m**3/6 + m**2 - m. What is a(d)?
-4
Let s(i) be the first derivative of i**2/2 + 9*i - 445. Let m = 18 - 25. Give s(m).
2
Let w(n) = -n**2 + n + 1. Let z(q) = q**3 + 6*q**2 - 6*q - 6. Let s(j) = 11*w(j) + 2*z(j). Suppose 6*c + 150 = c. Let h = c + 29. Give s(h).
-1
Let u be (0 - 1/2)/((-13)/156). Let x(b) be the first derivative of b**3/3 - 3*b**2/2 + 6*b - 124. Calculate x(u).
24
Suppose 3*w + 3*v - 12 = 0, 0*w - w = 5*v + 4. Suppose i + 5*a - 8 = 10, 3*i - w = a. Let g be (i - 7) + 2 - 2*1. Let t(c) = c + 8. Give t(g).
4
Let v(l) = -11*l - 4 - 7 + 10*l**2 - 3 + 12 + l**3. Suppose -8*q - 3 = 85. What is v(q)?
-2
Let v(i) be the first derivative of -25*i**2/2 - 157*i - 3024. Give v(-6).
-7
Let h(b) = 2*b - 18. Let a be (3 + -18)*144/(-20). Suppose 13*v = 25*v - a. Determine h(v).
0
Suppose -2*r - 10 = -4*s, -2*s = -3*r - 5 + 6. Suppose -11 = -m + r*v + 3, -2*v = 4. Let o(z) = 5 + 5*z**2 - m*z**2 - 2 + 2*z**2 + 2*z. Determine o(4).
-5
Let i = 2531 + -2505. Let c(p) be the first derivative of 3/2*p**2 - i + 3*p - 1/4*p**4 - 2/3*p**3. Calculate c(-3).
3
Let b(p) = p**2 + 9*p + 9. Let i be b(-3). Let x(y) be the second derivative of 2*y**3/3 + 41*y**2/2 - 7*y + 145. What is x(i)?
5
Let i(j) be the third derivative of -j**5/60 - j**4/2 - 13*j**3/6 + j**2 + 187*j + 3. Let m be (0 - 2/(-2))*-11. What is i(m)?
-2
Suppose 21*r + 3 - 37 = 8. Let u(k) = k**3 - 3*k**2 + 7*k - 5. Calculate u(r).
5
Suppose -s = 5*r - 25, 15 = -7*s + 10*s. Let z(v) = -r - 13 + v + 8. Let j be z(8). Let p(q) = -14*q**3 + q**2 - 1. Determine p(j).
14
Suppose -63 + 207 = 36*q. Let a(b) be the first derivative of -b**3/3 + 5*b**2/2 - 2*b - 2. Calculate a(q).
2
Let j(m) be the third derivative of -m**6/120 - 2*m**5/15 + m**4/3 - 7*m**3/6 + 1715*m**2. Suppose 0*n = -4*n - 36. Determine j(n).
2
Let i be 14/3 - 4/72*-6. Let u(t) = 6179*t + i - 6181*t - 3. Give u(-3).
8
Suppose -9*d = -8*d - 48. Let o(s) = s**3 + 5*s**2 - 49 + 89 - d - 8*s. Calculate o(-6).
4
Let l(q) = -q**2 - q. Let y be 28/8*(-6 - -4). Let h(n) = 2*n + 10. Let c be h(y). What is l(c)?
-12
Let r(m) = -8*m**3 - 2*m**2 + 4*m - 2. Let y be (-8)/(-6) + 4*(-2)/24. What is r(y)?
-8
Let c(v) = -6*v**2 - 7*v - 66. Let d(x) = 7*x**2 + 8*x + 64. Let f(z) = 4*c(z) + 3*d(z). Let m(g) be the first derivative of f(g). What is m(4)?
-28
Let q(s) = s - 1. Let r(z) = z + 10. Let v = -36 - -37. Let b(i) = v*r(i) - 2*q(i). Let f be b(12). Let u(c) = c**2 - c + 13. Give u(f).
13
Let d(v) be the second derivative of v**5/20 + 5*v**4/6 + 7*v**3/3 - 7*v**2 + 255*v - 2. Give d(-8).
2
Let p(j) = -j**2 + 6*j + 12. Let g(a) = -4*a - 66. Let y be g(-18). Suppose -81 = -3*z - y*z. What is p(z)?
-15
Let w(g) be the first derivative of g**3/3 + 3*g**2 - 4*g - 9082. Suppose -5*r = 34 + 6. Determine w(r).
12
Let i(k) = -27*k + 210 - 104 + 3*k**2 - 2*k**2 + 8*k - 120. What is i(19)?
-14
Let j(f) = 7*f**2 - 137*f - 682. Let l(x) = x**2 - 18*x - 97. Let y(r) = 2*j(r) - 15*l(r). Give y(-12).
-5
Let s(b) = -767*b + 16. Let k(p) = -2174*p + 48. Let n(j) = -6*k(j) + 17*s(j). Determine n(-5).
-41
Let z(v) = -v**3 - 11*v**2 + 10*v - 21. Let p be z(-12). Let c(y) = 8*y**p - 6*y**2 + 3*y - 4*y**3 - 5*y**3. Determine c(-6).
-18
Let u(m) = 365 + 365 + 11*m - 715. Determine u(-3).
-18
Let o(h) = -5*h + 2. Let k(u) = 5*u - 3. Let y(z) = -3*k(z) - 4*o(z). Let m = -207 - -491. Let i = m + -283. Determine y(i).
6
Suppose 0 = -665*m + 675*m + 100. Let w(z) be the third derivative of -z**4/24 - 2*z**3 - 6*z**2. Determine w(m).
-2
Let k(w) be the second derivative of 2*w**4/3 + 5*w**3/6 + 7*w**2/2 + 413*w. Give k(-2).
29
Let n(u) = -17 - 22 + 2*u - 12 + 89 - 16. Determine n(-8).
6
Let i(m) = m**2 + 3*m - 17. Let c be i(8). Let o = -36 + c. Let w = 33 - o. Let a(b) = -5*b - 3. Calculate a(w).
7
Let u(m) = 9 - m**2 + 8408*m + 4 - 8413*m + 10. Determine u(-8).
-1
Let z = -2 - 5. Let a be 42/10 + (-3 - (-70)/25). Let v(y) = -10 + 4*y - a*y - 3*y. Give v(z).
11
Let k(t) = t + 28. Let u be 12/(990/(-88) - -12). What is k(u)?
44
Let v(k) be the second derivative of 23*k**3/6 + 167*k**2 - 3367*k. Give v(-15).
-11
Let n(b) = 4769 + 0*b**2 - 4780 - 